{"id":195,"date":"2019-07-24T15:26:10","date_gmt":"2019-07-24T15:26:10","guid":{"rendered":"https:\/\/fvmartin.net\/?page_id=195"},"modified":"2022-02-16T14:55:33","modified_gmt":"2022-02-16T14:55:33","slug":"gestion","status":"publish","type":"page","link":"https:\/\/fvmartin.net\/?page_id=195","title":{"rendered":"Mentalidad de Mejora Continua"},"content":{"rendered":"\n<div class=\"wp-block-image\"><figure class=\"aligncenter size-large\"><img loading=\"lazy\" decoding=\"async\" width=\"1024\" height=\"550\" src=\"https:\/\/fvmartin.net\/wp-content\/uploads\/2022\/02\/manos-a-la-obra-1024x550.jpg\" alt=\"\" class=\"wp-image-1856\" srcset=\"https:\/\/fvmartin.net\/wp-content\/uploads\/2022\/02\/manos-a-la-obra-1024x550.jpg 1024w, https:\/\/fvmartin.net\/wp-content\/uploads\/2022\/02\/manos-a-la-obra-300x161.jpg 300w, https:\/\/fvmartin.net\/wp-content\/uploads\/2022\/02\/manos-a-la-obra-768x413.jpg 768w, https:\/\/fvmartin.net\/wp-content\/uploads\/2022\/02\/manos-a-la-obra-1536x825.jpg 1536w, https:\/\/fvmartin.net\/wp-content\/uploads\/2022\/02\/manos-a-la-obra-2048x1100.jpg 2048w\" sizes=\"auto, (max-width: 1024px) 100vw, 1024px\" \/><\/figure><\/div>\n\n\n<h5>\u00a0<\/h5>\n<h5 style=\"text-align: center;\"><span style=\"font-family: arial, helvetica, sans-serif; font-size: 18pt;\"><strong><span style=\"color: #0000ff;\">LA SATISFACCI\u00d3N DE NUESTROS CLIENTES SIEMPRE HA CONDUCIDO A LA AMPLIACI\u00d3N DE SERVICIOS.<\/span><\/strong><\/span><\/h5>\n<p>\u00a0<\/p>\n<p style=\"text-align: left;\"><span style=\"color: #333333; font-family: arial, helvetica, sans-serif; font-size: 18pt;\">Como agentes del cambio, desde <strong><span style=\"color: #0000ff;\">FVMart\u00edn y asociados<\/span><\/strong>, apoyamos la reflexi\u00f3n de la direcci\u00f3n y potenciamos los mensajes constructivos con la ventaja de quien no es &#8220;profeta en su tierra&#8221;.\u00a0<\/span><\/p>\n<p><span style=\"color: #333333; font-size: 18pt; font-family: arial, helvetica, sans-serif;\">Efr\u00e9n Mart\u00edn ha sido elegido por Euskalit<\/span><span style=\"font-size: 18pt; font-family: arial, helvetica, sans-serif;\">\u00a0<\/span><span style=\"color: #333333; font-size: 18pt; font-family: arial, helvetica, sans-serif;\">(Fundaci\u00f3n Vasca para la Innovaci\u00f3n y la Excelencia en la Gesti\u00f3n) como Formador de sus programas &#8220;Liderazgo avanzado&#8221; y &#8220;Motivaci\u00f3n en el trabajo&#8221;. Su especialidad encaja perfectamente en el <span style=\"color: #0000ff;\"><strong>MODELO DE GESTI\u00d3N AVANZADA<\/strong><\/span>, elemento 3 (PERSONAS), que consta de 4 sub-elementos:<\/span><\/p>\n<ol>\n<li><span style=\"color: #333333; font-size: 18pt; font-family: arial, helvetica, sans-serif;\">ATRAER, <span style=\"color: #0000ff;\"><strong>SELECCIONAR<\/strong><\/span>, RETRIBUIR Y RETENER A LOS COLABORADORES.<\/span><\/li>\n<li><span style=\"color: #333333; font-size: 18pt; font-family: arial, helvetica, sans-serif;\"><span style=\"color: #0000ff;\"><strong>DESARROLLAR<\/strong><\/span> EL CONOCIMIENTO, LAS COMPETENCIAS Y EL TALENTO.<\/span><\/li>\n<li><span style=\"color: #333333; font-size: 18pt; font-family: arial, helvetica, sans-serif;\">FAVORECER SU <span style=\"color: #0000ff;\"><strong>COMPROMISO<\/strong><\/span> Y LA MOTIVACI\u00d3N.<\/span><\/li>\n<li><span style=\"color: #333333; font-size: 18pt; font-family: arial, helvetica, sans-serif;\">AMPLIAR LA CAPACIDAD DE<span style=\"color: #0000ff;\"><strong> LIDERAZGO<\/strong><\/span> EN LAS PERSONAS.<\/span><\/li>\n<\/ol>\n<p><img loading=\"lazy\" decoding=\"async\" class=\"wp-image-1970 alignnone\" src=\"https:\/\/fvmartin.net\/wp-content\/uploads\/2022\/02\/gesti\u00f3n-avanzada-jpg-300x300.jpg\" alt=\"\" width=\"443\" height=\"443\" srcset=\"https:\/\/fvmartin.net\/wp-content\/uploads\/2022\/02\/gesti\u00f3n-avanzada-jpg-300x300.jpg 300w, https:\/\/fvmartin.net\/wp-content\/uploads\/2022\/02\/gesti\u00f3n-avanzada-jpg-1024x1024.jpg 1024w, https:\/\/fvmartin.net\/wp-content\/uploads\/2022\/02\/gesti\u00f3n-avanzada-jpg-150x150.jpg 150w, https:\/\/fvmartin.net\/wp-content\/uploads\/2022\/02\/gesti\u00f3n-avanzada-jpg-768x768.jpg 768w, https:\/\/fvmartin.net\/wp-content\/uploads\/2022\/02\/gesti\u00f3n-avanzada-jpg-1536x1536.jpg 1536w, https:\/\/fvmartin.net\/wp-content\/uploads\/2022\/02\/gesti\u00f3n-avanzada-jpg.jpg 1949w\" sizes=\"auto, (max-width: 443px) 100vw, 443px\" \/><\/p>\n<p>\u00a0<\/p>\n<p><span style=\"color: #333333; font-size: 18pt; font-family: arial, helvetica, sans-serif;\"><img loading=\"lazy\" decoding=\"async\" class=\" wp-image-1972 alignleft\" src=\"https:\/\/fvmartin.net\/wp-content\/uploads\/2022\/02\/efren-remini-300x300.jpg\" alt=\"\" width=\"196\" height=\"196\" srcset=\"https:\/\/fvmartin.net\/wp-content\/uploads\/2022\/02\/efren-remini-300x300.jpg 300w, https:\/\/fvmartin.net\/wp-content\/uploads\/2022\/02\/efren-remini-150x150.jpg 150w, https:\/\/fvmartin.net\/wp-content\/uploads\/2022\/02\/efren-remini.jpg 640w\" sizes=\"auto, (max-width: 196px) 100vw, 196px\" \/><\/span><\/p>\n<p>\u00a0<\/p>\n<p><span style=\"color: #333333; font-size: 18pt; font-family: arial, helvetica, sans-serif;\">Apasionado por la empresa y su gesti\u00f3n, al considerar que las organizaciones son el mejor invento de la humanidad, Efr\u00e9n Mart\u00edn fue formado en <span style=\"color: #0000ff;\"><strong>Comportamiento Organizacional<\/strong>\u00a0<\/span>por un profesor de primera l\u00ednea, que trajo de Estados Unidos las mejores ideas sobre la direcci\u00f3n de personas. Con las profundas transformaciones del siglo XXI, contin\u00faa buscando estrategias para facilitar el trabajo de los gerentes en base a la ciencia y no a simples conjeturas.<\/span><\/p>\n<p><span style=\"color: #333333; font-size: 18pt; font-family: arial, helvetica, sans-serif;\">Adem\u00e1s de <strong><span style=\"color: #0000ff;\">Psic\u00f3logo de Empresa<\/span> <\/strong>y<strong><span style=\"color: #0000ff;\"> M\u00e1ster en Direcci\u00f3n de RR.HH<\/span>.<\/strong>, es Gerente de su propia firma de consultor\u00eda de RR.HH. especializada en <strong><span style=\"color: #0000ff;\">Selecci\u00f3n de Personal y Formaci\u00f3n Directiva<\/span><\/strong>; y Socio-Director para Espa\u00f1a de la firma americana l\u00edder en evaluaci\u00f3n del liderazgo, <span style=\"color: #0000ff;\"><strong>Reddin Assessments<\/strong><\/span>.<\/span><\/p>\n<p><span style=\"color: #333333; font-size: 18pt; font-family: arial, helvetica, sans-serif;\">Fue 16 a\u00f1os profesor de la asignatura de &#8220;Motivaci\u00f3n, Comunicaci\u00f3n y Liderazgo&#8221; en LADE de la <span style=\"color: #0000ff;\"><strong>Escuela de Negocios de la<\/strong> <strong>Universidad de Deusto<\/strong><\/span> y ha colaborado en diferentes postgrados, siendo elegido <span style=\"color: #0000ff;\"><strong>Mejor Ponente<\/strong><\/span> en el M\u00e1ster GECEM. Ha sido conferenciante <span style=\"font-family: 'arial black', 'avant garde'; color: #0000ff;\">TED<\/span> y es autor de <span style=\"color: #0000ff;\"><strong>8 libros<\/strong><\/span> sobre desarrollo personal y profesional.<\/span><\/p>\n\n\n<p><\/p>\n","protected":false},"excerpt":{"rendered":"<p>\u00a0 LA SATISFACCI\u00d3N DE NUESTROS CLIENTES SIEMPRE HA CONDUCIDO A LA AMPLIACI\u00d3N DE SERVICIOS. \u00a0 Como agentes del cambio, desde FVMart\u00edn y asociados, apoyamos la reflexi\u00f3n de la direcci\u00f3n y potenciamos los mensajes constructivos con la ventaja de quien no es &#8220;profeta en su tierra&#8221;.\u00a0 Efr\u00e9n Mart\u00edn ha sido elegido por Euskalit\u00a0(Fundaci\u00f3n Vasca para la [&hellip;]<\/p>\n","protected":false},"author":1,"featured_media":0,"parent":0,"menu_order":0,"comment_status":"closed","ping_status":"closed","template":"","meta":{"_bbp_topic_count":0,"_bbp_reply_count":0,"_bbp_total_topic_count":0,"_bbp_total_reply_count":0,"_bbp_voice_count":0,"_bbp_anonymous_reply_count":0,"_bbp_topic_count_hidden":0,"_bbp_reply_count_hidden":0,"_bbp_forum_subforum_count":0,"footnotes":""},"class_list":["post-195","page","type-page","status-publish","hentry"],"uagb_featured_image_src":{"full":false,"thumbnail":false,"medium":false,"medium_large":false,"large":false,"1536x1536":false,"2048x2048":false},"uagb_author_info":{"display_name":"Efren","author_link":"https:\/\/fvmartin.net\/?author=1"},"uagb_comment_info":0,"uagb_excerpt":"\u00a0 LA SATISFACCI\u00d3N DE NUESTROS CLIENTES SIEMPRE HA CONDUCIDO A LA AMPLIACI\u00d3N DE SERVICIOS. \u00a0 Como agentes del cambio, desde FVMart\u00edn y asociados, apoyamos la reflexi\u00f3n de la direcci\u00f3n y potenciamos los mensajes constructivos con la ventaja de quien no es &#8220;profeta en su tierra&#8221;.\u00a0 Efr\u00e9n Mart\u00edn ha sido elegido por Euskalit\u00a0(Fundaci\u00f3n Vasca para la&hellip;","yoast_head":"<!-- This site is optimized with the Yoast SEO plugin v14.6.1 - https:\/\/yoast.com\/wordpress\/plugins\/seo\/ -->\n<title>Mentalidad de Mejora Continua &bull; FVMartin<\/title>\n<meta name=\"robots\" content=\"index, follow\" \/>\n<meta name=\"googlebot\" content=\"index, follow, max-snippet:-1, max-image-preview:large, max-video-preview:-1\" \/>\n<meta name=\"bingbot\" content=\"index, follow, max-snippet:-1, max-image-preview:large, max-video-preview:-1\" \/>\n<link rel=\"canonical\" href=\"https:\/\/fvmartin.net\/?page_id=195\" \/>\n<meta property=\"og:locale\" content=\"es_ES\" \/>\n<meta property=\"og:type\" content=\"article\" \/>\n<meta property=\"og:title\" content=\"Mentalidad de Mejora Continua &bull; FVMartin\" \/>\n<meta property=\"og:description\" content=\"\u00a0 LA SATISFACCI\u00d3N DE NUESTROS CLIENTES SIEMPRE HA CONDUCIDO A LA AMPLIACI\u00d3N DE SERVICIOS. \u00a0 Como agentes del cambio, desde FVMart\u00edn y asociados, apoyamos la reflexi\u00f3n de la direcci\u00f3n y potenciamos los mensajes constructivos con la ventaja de quien no es &#8220;profeta en su tierra&#8221;.\u00a0 Efr\u00e9n Mart\u00edn ha sido elegido por Euskalit\u00a0(Fundaci\u00f3n Vasca para la [&hellip;]\" \/>\n<meta property=\"og:url\" content=\"https:\/\/fvmartin.net\/?page_id=195\" \/>\n<meta property=\"og:site_name\" content=\"FVMartin\" \/>\n<meta property=\"article:publisher\" content=\"https:\/\/www.facebook.com\/fvm.consultoria\" \/>\n<meta property=\"article:modified_time\" content=\"2022-02-16T14:55:33+00:00\" \/>\n<meta property=\"og:image\" content=\"https:\/\/fvmartin.net\/wp-content\/uploads\/2022\/02\/manos-a-la-obra-1024x550.jpg\" \/>\n<meta name=\"twitter:card\" content=\"summary_large_image\" \/>\n<meta name=\"twitter:creator\" content=\"@EfrenMartinFVM\" \/>\n<meta name=\"twitter:site\" content=\"@EfrenMartinFVM\" \/>\n<script type=\"application\/ld+json\" class=\"yoast-schema-graph\">{\"@context\":\"https:\/\/schema.org\",\"@graph\":[{\"@type\":\"Organization\",\"@id\":\"https:\/\/fvmartin.net\/#organization\",\"name\":\"FVMart\\u00edn\",\"url\":\"https:\/\/fvmartin.net\/\",\"sameAs\":[\"https:\/\/www.facebook.com\/fvm.consultoria\",\"https:\/\/www.linkedin.com\/in\/efrenmartin\/\",\"https:\/\/www.youtube.com\/user\/FVMartinasoc\",\"https:\/\/twitter.com\/EfrenMartinFVM\"],\"logo\":{\"@type\":\"ImageObject\",\"@id\":\"https:\/\/fvmartin.net\/#logo\",\"inLanguage\":\"es\",\"url\":\"https:\/\/fvmartin.net\/wp-content\/uploads\/2019\/07\/Favicon.jpg\",\"width\":827,\"height\":827,\"caption\":\"FVMart\\u00edn\"},\"image\":{\"@id\":\"https:\/\/fvmartin.net\/#logo\"}},{\"@type\":\"WebSite\",\"@id\":\"https:\/\/fvmartin.net\/#website\",\"url\":\"https:\/\/fvmartin.net\/\",\"name\":\"FVMartin\",\"description\":\"Selecci\\u00f3n Formaci\\u00f3n Consultor\\u00eda RR.HH.\",\"publisher\":{\"@id\":\"https:\/\/fvmartin.net\/#organization\"},\"potentialAction\":[{\"@type\":\"SearchAction\",\"target\":\"https:\/\/fvmartin.net\/?s={search_term_string}\",\"query-input\":\"required name=search_term_string\"}],\"inLanguage\":\"es\"},{\"@type\":\"ImageObject\",\"@id\":\"https:\/\/fvmartin.net\/?page_id=195#primaryimage\",\"inLanguage\":\"es\",\"url\":\"https:\/\/fvmartin.net\/wp-content\/uploads\/2022\/02\/manos-a-la-obra.jpg\",\"width\":2500,\"height\":1343},{\"@type\":\"WebPage\",\"@id\":\"https:\/\/fvmartin.net\/?page_id=195#webpage\",\"url\":\"https:\/\/fvmartin.net\/?page_id=195\",\"name\":\"Mentalidad de Mejora Continua &bull; FVMartin\",\"isPartOf\":{\"@id\":\"https:\/\/fvmartin.net\/#website\"},\"primaryImageOfPage\":{\"@id\":\"https:\/\/fvmartin.net\/?page_id=195#primaryimage\"},\"datePublished\":\"2019-07-24T15:26:10+00:00\",\"dateModified\":\"2022-02-16T14:55:33+00:00\",\"inLanguage\":\"es\",\"potentialAction\":[{\"@type\":\"ReadAction\",\"target\":[\"https:\/\/fvmartin.net\/?page_id=195\"]}]}]}<\/script>\n<!-- \/ Yoast SEO plugin. -->","_links":{"self":[{"href":"https:\/\/fvmartin.net\/index.php?rest_route=\/wp\/v2\/pages\/195","targetHints":{"allow":["GET"]}}],"collection":[{"href":"https:\/\/fvmartin.net\/index.php?rest_route=\/wp\/v2\/pages"}],"about":[{"href":"https:\/\/fvmartin.net\/index.php?rest_route=\/wp\/v2\/types\/page"}],"author":[{"embeddable":true,"href":"https:\/\/fvmartin.net\/index.php?rest_route=\/wp\/v2\/users\/1"}],"replies":[{"embeddable":true,"href":"https:\/\/fvmartin.net\/index.php?rest_route=%2Fwp%2Fv2%2Fcomments&post=195"}],"version-history":[{"count":90,"href":"https:\/\/fvmartin.net\/index.php?rest_route=\/wp\/v2\/pages\/195\/revisions"}],"predecessor-version":[{"id":2104,"href":"https:\/\/fvmartin.net\/index.php?rest_route=\/wp\/v2\/pages\/195\/revisions\/2104"}],"wp:attachment":[{"href":"https:\/\/fvmartin.net\/index.php?rest_route=%2Fwp%2Fv2%2Fmedia&parent=195"}],"curies":[{"name":"wp","href":"https:\/\/api.w.org\/{rel}","templated":true}]}}

<div class="wp-block-image"><figure class="aligncenter size-large"><img loading="lazy" decoding="async" width="1024" height="550" src="https://fvmartin.net/wp-content/uploads/2022/02/manos-a-la-obra-1024x550.jpg" alt="" class="wp-image-1856" srcset="https://fvmartin.net/wp-content/uploads/2022/02/manos-a-la-obra-1024x550.jpg 1024w, https://fvmartin.net/wp-content/uploads/2022/02/manos-a-la-obra-300x161.jpg 300w, https://fvmartin.net/wp-content/uploads/2022/02/manos-a-la-obra-768x413.jpg 768w, https://fvmartin.net/wp-content/uploads/2022/02/manos-a-la-obra-1536x825.jpg 1536w, https://fvmartin.net/wp-content/uploads/2022/02/manos-a-la-obra-2048x1100.jpg 2048w" sizes="auto, (max-width: 1024px) 100vw, 1024px" /></figure></div>


<h5> </h5>
<h5 style="text-align: center;"><span style="font-family: arial, helvetica, sans-serif; font-size: 18pt;"><strong><span style="color: #0000ff;">LA SATISFACCIÓN DE NUESTROS CLIENTES SIEMPRE HA CONDUCIDO A LA AMPLIACIÓN DE SERVICIOS.</span></strong></span></h5>
<p> </p>
<p style="text-align: left;"><span style="color: #333333; font-family: arial, helvetica, sans-serif; font-size: 18pt;">Como agentes del cambio, desde <strong><span style="color: #0000ff;">FVMartín y asociados</span></strong>, apoyamos la reflexión de la dirección y potenciamos los mensajes constructivos con la ventaja de quien no es &#8220;profeta en su tierra&#8221;. </span></p>
<p><span style="color: #333333; font-size: 18pt; font-family: arial, helvetica, sans-serif;">Efrén Martín ha sido elegido por Euskalit</span><span style="font-size: 18pt; font-family: arial, helvetica, sans-serif;"> </span><span style="color: #333333; font-size: 18pt; font-family: arial, helvetica, sans-serif;">(Fundación Vasca para la Innovación y la Excelencia en la Gestión) como Formador de sus programas &#8220;Liderazgo avanzado&#8221; y &#8220;Motivación en el trabajo&#8221;. Su especialidad encaja perfectamente en el <span style="color: #0000ff;"><strong>MODELO DE GESTIÓN AVANZADA</strong></span>, elemento 3 (PERSONAS), que consta de 4 sub-elementos:</span></p>
<ol>
<li><span style="color: #333333; font-size: 18pt; font-family: arial, helvetica, sans-serif;">ATRAER, <span style="color: #0000ff;"><strong>SELECCIONAR</strong></span>, RETRIBUIR Y RETENER A LOS COLABORADORES.</span></li>
<li><span style="color: #333333; font-size: 18pt; font-family: arial, helvetica, sans-serif;"><span style="color: #0000ff;"><strong>DESARROLLAR</strong></span> EL CONOCIMIENTO, LAS COMPETENCIAS Y EL TALENTO.</span></li>
<li><span style="color: #333333; font-size: 18pt; font-family: arial, helvetica, sans-serif;">FAVORECER SU <span style="color: #0000ff;"><strong>COMPROMISO</strong></span> Y LA MOTIVACIÓN.</span></li>
<li><span style="color: #333333; font-size: 18pt; font-family: arial, helvetica, sans-serif;">AMPLIAR LA CAPACIDAD DE<span style="color: #0000ff;"><strong> LIDERAZGO</strong></span> EN LAS PERSONAS.</span></li>
</ol>
<p><img loading="lazy" decoding="async" class="wp-image-1970 alignnone" src="https://fvmartin.net/wp-content/uploads/2022/02/gestión-avanzada-jpg-300x300.jpg" alt="" width="443" height="443" srcset="https://fvmartin.net/wp-content/uploads/2022/02/gestión-avanzada-jpg-300x300.jpg 300w, https://fvmartin.net/wp-content/uploads/2022/02/gestión-avanzada-jpg-1024x1024.jpg 1024w, https://fvmartin.net/wp-content/uploads/2022/02/gestión-avanzada-jpg-150x150.jpg 150w, https://fvmartin.net/wp-content/uploads/2022/02/gestión-avanzada-jpg-768x768.jpg 768w, https://fvmartin.net/wp-content/uploads/2022/02/gestión-avanzada-jpg-1536x1536.jpg 1536w, https://fvmartin.net/wp-content/uploads/2022/02/gestión-avanzada-jpg.jpg 1949w" sizes="auto, (max-width: 443px) 100vw, 443px" /></p>
<p> </p>
<p><span style="color: #333333; font-size: 18pt; font-family: arial, helvetica, sans-serif;"><img loading="lazy" decoding="async" class=" wp-image-1972 alignleft" src="https://fvmartin.net/wp-content/uploads/2022/02/efren-remini-300x300.jpg" alt="" width="196" height="196" srcset="https://fvmartin.net/wp-content/uploads/2022/02/efren-remini-300x300.jpg 300w, https://fvmartin.net/wp-content/uploads/2022/02/efren-remini-150x150.jpg 150w, https://fvmartin.net/wp-content/uploads/2022/02/efren-remini.jpg 640w" sizes="auto, (max-width: 196px) 100vw, 196px" /></span></p>
<p> </p>
<p><span style="color: #333333; font-size: 18pt; font-family: arial, helvetica, sans-serif;">Apasionado por la empresa y su gestión, al considerar que las organizaciones son el mejor invento de la humanidad, Efrén Martín fue formado en <span style="color: #0000ff;"><strong>Comportamiento Organizacional</strong> </span>por un profesor de primera línea, que trajo de Estados Unidos las mejores ideas sobre la dirección de personas. Con las profundas transformaciones del siglo XXI, continúa buscando estrategias para facilitar el trabajo de los gerentes en base a la ciencia y no a simples conjeturas.</span></p>
<p><span style="color: #333333; font-size: 18pt; font-family: arial, helvetica, sans-serif;">Además de <strong><span style="color: #0000ff;">Psicólogo de Empresa</span> </strong>y<strong><span style="color: #0000ff;"> Máster en Dirección de RR.HH</span>.</strong>, es Gerente de su propia firma de consultoría de RR.HH. especializada en <strong><span style="color: #0000ff;">Selección de Personal y Formación Directiva</span></strong>; y Socio-Director para España de la firma americana líder en evaluación del liderazgo, <span style="color: #0000ff;"><strong>Reddin Assessments</strong></span>.</span></p>
<p><span style="color: #333333; font-size: 18pt; font-family: arial, helvetica, sans-serif;">Fue 16 años profesor de la asignatura de &#8220;Motivación, Comunicación y Liderazgo&#8221; en LADE de la <span style="color: #0000ff;"><strong>Escuela de Negocios de la</strong> <strong>Universidad de Deusto</strong></span> y ha colaborado en diferentes postgrados, siendo elegido <span style="color: #0000ff;"><strong>Mejor Ponente</strong></span> en el Máster GECEM. Ha sido conferenciante <span style="font-family: 'arial black', 'avant garde'; color: #0000ff;">TED</span> y es autor de <span style="color: #0000ff;"><strong>8 libros</strong></span> sobre desarrollo personal y profesional.</span></p>


<p></p>

<p>  LA SATISFACCIÓN DE NUESTROS CLIENTES SIEMPRE HA CONDUCIDO A LA AMPLIACIÓN DE SERVICIOS.   Como agentes del cambio, desde FVMartín y asociados, apoyamos la reflexión de la dirección y potenciamos los mensajes constructivos con la ventaja de quien no es &#8220;profeta en su tierra&#8221;.  Efrén Martín ha sido elegido por Euskalit (Fundación Vasca para la [&hellip;]</p>

LA SATISFACCIÓN DE NUESTROS CLIENTES SIEMPRE HA CONDUCIDO A LA AMPLIACIÓN DE SERVICIOS.   Como agentes del cambio, desde FVMartín y asociados, apoyamos la reflexión de la dirección y potenciamos los mensajes constructivos con la ventaja de quien no es &#8220;profeta en su tierra&#8221;.  Efrén Martín ha sido elegido por Euskalit (Fundación Vasca para la&hellip;

<!-- This site is optimized with the Yoast SEO plugin v14.6.1 - https://yoast.com/wordpress/plugins/seo/ -->
<title>Mentalidad de Mejora Continua &bull; FVMartin</title>
<meta name="robots" content="index, follow" />
<meta name="googlebot" content="index, follow, max-snippet:-1, max-image-preview:large, max-video-preview:-1" />
<meta name="bingbot" content="index, follow, max-snippet:-1, max-image-preview:large, max-video-preview:-1" />
<link rel="canonical" href="https://fvmartin.net/?page_id=195" />
<meta property="og:locale" content="es_ES" />
<meta property="og:type" content="article" />
<meta property="og:title" content="Mentalidad de Mejora Continua &bull; FVMartin" />
<meta property="og:description" content="  LA SATISFACCIÓN DE NUESTROS CLIENTES SIEMPRE HA CONDUCIDO A LA AMPLIACIÓN DE SERVICIOS.   Como agentes del cambio, desde FVMartín y asociados, apoyamos la reflexión de la dirección y potenciamos los mensajes constructivos con la ventaja de quien no es &#8220;profeta en su tierra&#8221;.  Efrén Martín ha sido elegido por Euskalit (Fundación Vasca para la [&hellip;]" />
<meta property="og:url" content="https://fvmartin.net/?page_id=195" />
<meta property="og:site_name" content="FVMartin" />
<meta property="article:publisher" content="https://www.facebook.com/fvm.consultoria" />
<meta property="article:modified_time" content="2022-02-16T14:55:33+00:00" />
<meta property="og:image" content="https://fvmartin.net/wp-content/uploads/2022/02/manos-a-la-obra-1024x550.jpg" />
<meta name="twitter:card" content="summary_large_image" />
<meta name="twitter:creator" content="@EfrenMartinFVM" />
<meta name="twitter:site" content="@EfrenMartinFVM" />
<script type="application/ld+json" class="yoast-schema-graph">{"@context":"https://schema.org","@graph":[{"@type":"Organization","@id":"https://fvmartin.net/#organization","name":"FVMart\u00edn","url":"https://fvmartin.net/","sameAs":["https://www.facebook.com/fvm.consultoria","https://www.linkedin.com/in/efrenmartin/","https://www.youtube.com/user/FVMartinasoc","https://twitter.com/EfrenMartinFVM"],"logo":{"@type":"ImageObject","@id":"https://fvmartin.net/#logo","inLanguage":"es","url":"https://fvmartin.net/wp-content/uploads/2019/07/Favicon.jpg","width":827,"height":827,"caption":"FVMart\u00edn"},"image":{"@id":"https://fvmartin.net/#logo"}},{"@type":"WebSite","@id":"https://fvmartin.net/#website","url":"https://fvmartin.net/","name":"FVMartin","description":"Selecci\u00f3n Formaci\u00f3n Consultor\u00eda RR.HH.","publisher":{"@id":"https://fvmartin.net/#organization"},"potentialAction":[{"@type":"SearchAction","target":"https://fvmartin.net/?s={search_term_string}","query-input":"required name=search_term_string"}],"inLanguage":"es"},{"@type":"ImageObject","@id":"https://fvmartin.net/?page_id=195#primaryimage","inLanguage":"es","url":"https://fvmartin.net/wp-content/uploads/2022/02/manos-a-la-obra.jpg","width":2500,"height":1343},{"@type":"WebPage","@id":"https://fvmartin.net/?page_id=195#webpage","url":"https://fvmartin.net/?page_id=195","name":"Mentalidad de Mejora Continua &bull; FVMartin","isPartOf":{"@id":"https://fvmartin.net/#website"},"primaryImageOfPage":{"@id":"https://fvmartin.net/?page_id=195#primaryimage"},"datePublished":"2019-07-24T15:26:10+00:00","dateModified":"2022-02-16T14:55:33+00:00","inLanguage":"es","potentialAction":[{"@type":"ReadAction","target":["https://fvmartin.net/?page_id=195"]}]}]}</script>
<!-- / Yoast SEO plugin. -->
